{"id":4048,"date":"2026-03-17T14:37:46","date_gmt":"2026-03-17T14:37:46","guid":{"rendered":"https:\/\/assisijourney.org\/?page_id=4048"},"modified":"2026-03-21T22:40:16","modified_gmt":"2026-03-21T22:40:16","slug":"spiritualitaet","status":"publish","type":"page","link":"https:\/\/assisijourney.org\/?page_id=4048","title":{"rendered":"Spiritualit\u00e4t"},"content":{"rendered":"\t\t<div data-elementor-type=\"wp-page\" data-elementor-id=\"4048\" class=\"elementor elementor-4048\">\n\t\t\t\t<div class=\"elementor-element elementor-element-e045a59 e-flex e-con-boxed e-con e-parent\" data-id=\"e045a59\" data-element_type=\"container\" data-e-type=\"container\">\n\t\t\t\t\t<div class=\"e-con-inner\">\n\t\t\t\t<div class=\"elementor-element elementor-element-af68488 elementor-widget elementor-widget-heading\" data-id=\"af68488\" data-element_type=\"widget\" data-e-type=\"widget\" data-widget_type=\"heading.default\">\n\t\t\t\t<div class=\"elementor-widget-container\">\n\t\t\t\t\t<h2 class=\"elementor-heading-title elementor-size-default\">Auf Gott zugehen - die Weisheit des Hl. Bonaventura<\/h2>\t\t\t\t<\/div>\n\t\t\t\t<\/div>\n\t\t\t\t<div class=\"elementor-element elementor-element-789bbf4 elementor-widget elementor-widget-text-editor\" data-id=\"789bbf4\" data-element_type=\"widget\" data-e-type=\"widget\" data-widget_type=\"text-editor.default\">\n\t\t\t\t<div class=\"elementor-widget-container\">\n\t\t\t\t\t\t\t\t\t<p class=\"wp-block-paragraph\">Im Jahr 1259 zog sich der Nachfolger des Heiligen Franziskus, Giovanni da Fidanza &#8211; mit Ordensnamen Bonaventura, an den Ort der Wundmale zur\u00fcck, auf den Berg LaVerna in der Toscana, um dem nachzusp\u00fcren, was den Ordensgr\u00fcnder zutiefst bewegt hatte.\u00a0 1257 zum Ordensgeneral gew\u00e4hlt, versuchte er in 40 Tagen dem nachzusp\u00fcren, was auch nach 800 Jahren sehr viele Menschen weltweit bewegt. Der Theologieprofessor aus Paris bringt als ein Ergebnis dieser Zeit eine sehr komplexe kleine Schrift von diesem Berg zur\u00fcck, &#8222;Den Pilgerweg&#8220;.<\/p><div class=\"wp-block-image is-resized\"><figure class=\"alignleft\"><img decoding=\"async\" class=\"wp-image-296\" src=\"https:\/\/raischl.wordpress.com\/wp-content\/uploads\/2015\/03\/dscn6603.jpg?w=723\" sizes=\"(max-width: 723px) 100vw, 723px\" srcset=\"https:\/\/raischl.wordpress.com\/wp-content\/uploads\/2015\/03\/dscn6603.jpg?w=723 723w, https:\/\/raischl.wordpress.com\/wp-content\/uploads\/2015\/03\/dscn6603.jpg?w=1446 1446w, https:\/\/raischl.wordpress.com\/wp-content\/uploads\/2015\/03\/dscn6603.jpg?w=150 150w, https:\/\/raischl.wordpress.com\/wp-content\/uploads\/2015\/03\/dscn6603.jpg?w=300 300w, https:\/\/raischl.wordpress.com\/wp-content\/uploads\/2015\/03\/dscn6603.jpg?w=768 768w, https:\/\/raischl.wordpress.com\/wp-content\/uploads\/2015\/03\/dscn6603.jpg?w=1024 1024w, https:\/\/raischl.wordpress.com\/wp-content\/uploads\/2015\/03\/dscn6603.jpg?w=1440 1440w\" alt=\"\" width=\"201\" height=\"151\" data-attachment-id=\"296\" data-permalink=\"https:\/\/raischl.wordpress.com\/dscn6603\/\" data-orig-file=\"https:\/\/raischl.wordpress.com\/wp-content\/uploads\/2015\/03\/dscn6603.jpg\" data-orig-size=\"4320,3240\" data-comments-opened=\"1\" data-image-meta=\"{&quot;aperture&quot;:&quot;5.6&quot;,&quot;credit&quot;:&quot;&quot;,&quot;camera&quot;:&quot;COOLPIX S8000&quot;,&quot;caption&quot;:&quot;&quot;,&quot;created_timestamp&quot;:&quot;1428303388&quot;,&quot;copyright&quot;:&quot;&quot;,&quot;focal_length&quot;:&quot;54&quot;,&quot;iso&quot;:&quot;100&quot;,&quot;shutter_speed&quot;:&quot;0.00125&quot;,&quot;title&quot;:&quot;&quot;,&quot;orientation&quot;:&quot;1&quot;}\" data-image-title=\"DSCN6603\" data-image-description=\"\" data-image-caption=\"\" data-medium-file=\"https:\/\/raischl.wordpress.com\/wp-content\/uploads\/2015\/03\/dscn6603.jpg?w=300\" data-large-file=\"https:\/\/raischl.wordpress.com\/wp-content\/uploads\/2015\/03\/dscn6603.jpg?w=723\" \/><\/figure><\/div><p class=\"wp-block-paragraph\">Dieses \u201eitinerarium mentis in deum\u201c besch\u00e4ftigt mich nun seit 1987. Andr\u00e9 R. Cirino, Franziskaner aus New York hat mich auf diese F\u00e4hrte gebracht. \u00dcber 2000 Menschen haben mit uns eine \u201eretreat experience\u201c, einen Exerzitienkurs erlebt. Seit 1987 haben wir beide weit \u00fcber ein Jahr intensiv mit dieser Erfahrung und Schrift an Zeit verbracht. Hier einige Ausz\u00fcge aus der Schrift:<\/p><p class=\"wp-block-paragraph\">Prolog,\u00a05:\u00a0<br \/><em>Mir schien es sinnvoll, meine Gedanken in sieben Kapitel zu unterteilen und jedem Kapitel einen Titel voranzustellen. Dies wird das Verst\u00e4ndnis des Inhalts erleichtern. Ich bitte Sie daher, der Intention des Autors mehr Aufmerksamkeit zu schenken als dem Werk selbst, dem Gesagten mehr als der ungeschliffenen Sprache, der Wahrheit mehr als der Attraktivit\u00e4t, der emotionalen Anregung mehr als der intellektuellen Bereicherung. Damit dies geschehen kann, ist es wichtig, diese besinnlichen Betrachtungen nicht hastig durchzulesen, sondern sich Zeit zu nehmen und immer wieder dar\u00fcber nachdenken.<\/em><\/p>\t\t\t\t\t\t\t\t<\/div>\n\t\t\t\t<\/div>\n\t\t\t\t\t<\/div>\n\t\t\t\t<\/div>\n\t\t<div class=\"elementor-element elementor-element-afa1811 e-flex e-con-boxed e-con e-parent\" data-id=\"afa1811\" data-element_type=\"container\" data-e-type=\"container\">\n\t\t\t\t\t<div class=\"e-con-inner\">\n\t\t<div class=\"elementor-element elementor-element-a1411a8 e-con-full e-flex e-con e-child\" data-id=\"a1411a8\" data-element_type=\"container\" data-e-type=\"container\">\n\t\t\t\t<div class=\"elementor-element elementor-element-30dfc44 elementor-widget__width-initial elementor-widget elementor-widget-text-editor\" data-id=\"30dfc44\" data-element_type=\"widget\" data-e-type=\"widget\" data-widget_type=\"text-editor.default\">\n\t\t\t\t<div class=\"elementor-widget-container\">\n\t\t\t\t\t\t\t\t\t<p class=\"has-text-align-center wp-block-paragraph\">Kap.\u00a07:<br \/><em>Wenn ihr nun fragt, wie all dies geschehen soll,<br \/>bittet um Gnade, nicht um kluge\u00a0Lehre;<br \/>um Sehnsucht, nicht um Verstand;<br \/>um seufzendes Gebet, nicht um eifriges Lesen;<br \/>um den Geliebten, nicht um den Lehrer;<br \/>um Gott, nicht um einen Menschen;<br \/>um Dunkelheit, nicht um Klarheit;<br \/>nicht um Licht, sondern um das Feuer, das ganz entflammt<br \/>und einen durch ekstatische Inbrunst und lodernde Liebe zu Gott tr\u00e4gt.<br \/>Dieses Feuer ist Gott, und Gottes Schmelzofen ist in Jerusalem.<br \/>Und Christus entz\u00fcndet ihn in der Hitze seines brennenden Leidens.<br \/>Nur wer spricht: \u201eMeine Seele w\u00e4hlt den Galgen und meine Gebeine den Tod\u201c, kann dieses Feuer wahrhaft annehmen.<br \/>Nur wer diesen Tod liebt, kann Gott sehen,<br \/>denn es ist gewiss wahr: \u201eNiemand kann mich sehen und leben.\u201c<\/em><\/p><p class=\"has-text-align-center wp-block-paragraph\" style=\"text-align: center;\"><em>Lasst uns also sterben und in diese Dunkelheit eintreten.<br \/>Lasst uns all unsere Sorgen, unsere Begierden und unsere Wahrnehmungen zum Schweigen bringen.<br \/>Lasst uns mit Christus, dem Gekreuzigten, hin\u00fcbergehen<br \/>von dieser Welt zum Vater,<br \/>damit wir, wenn uns der Vater gezeigt wird,<br \/>mit Philippus sagen k\u00f6nnen:\u00a0Es ist\u00a0genug.<br \/>Lasst uns\u00a0auf\u00a0 Paulus h\u00f6ren:\u00a0Meine Gnade gen\u00fcgt euch.<\/em><br \/><em>Lasst uns mit David jubeln und sagen:\u00a0<\/em><br \/><em>Mein Leib und mein Herz vergehen;\u00a0doch\u00a0du bist der Gott meines Herzens,\u00a0 der mein Anteil ist f\u00fcr immer.<br \/>Gepriesen sei der Herr in Ewigkeit,<br \/>und alle\u00a0 sollen sagen:<br \/>Es geschehe, es geschehe!<br \/>Amen.<\/em><\/p>\t\t\t\t\t\t\t\t<\/div>\n\t\t\t\t<\/div>\n\t\t\t\t<div class=\"elementor-element elementor-element-10f499a elementor-widget elementor-widget-image\" data-id=\"10f499a\" data-element_type=\"widget\" data-e-type=\"widget\" data-widget_type=\"image.default\">\n\t\t\t\t<div class=\"elementor-widget-container\">\n\t\t\t\t\t\t\t\t\t\t\t\t\t\t\t<img fetchpriority=\"high\" decoding=\"async\" width=\"753\" height=\"1024\" src=\"https:\/\/assisijourney.org\/wp-content\/uploads\/2026\/03\/Bona-Card-31-e1773763374353-753x1024.png\" class=\"attachment-large size-large wp-image-3866\" alt=\"\" srcset=\"https:\/\/assisijourney.org\/wp-content\/uploads\/2026\/03\/Bona-Card-31-e1773763374353-753x1024.png 753w, https:\/\/assisijourney.org\/wp-content\/uploads\/2026\/03\/Bona-Card-31-e1773763374353-221x300.png 221w, https:\/\/assisijourney.org\/wp-content\/uploads\/2026\/03\/Bona-Card-31-e1773763374353-768x1044.png 768w, https:\/\/assisijourney.org\/wp-content\/uploads\/2026\/03\/Bona-Card-31-e1773763374353.png 828w\" sizes=\"(max-width: 753px) 100vw, 753px\" \/>\t\t\t\t\t\t\t\t\t\t\t\t\t\t\t<\/div>\n\t\t\t\t<\/div>\n\t\t\t\t<\/div>\n\t\t\t\t\t<\/div>\n\t\t\t\t<\/div>\n\t\t<div class=\"elementor-element elementor-element-7a88cab e-flex e-con-boxed e-con e-parent\" data-id=\"7a88cab\" data-element_type=\"container\" data-e-type=\"container\">\n\t\t\t\t\t<div class=\"e-con-inner\">\n\t\t\t\t<div class=\"elementor-element elementor-element-f9b285f elementor-widget elementor-widget-heading\" data-id=\"f9b285f\" data-element_type=\"widget\" data-e-type=\"widget\" data-widget_type=\"heading.default\">\n\t\t\t\t<div class=\"elementor-widget-container\">\n\t\t\t\t\t<h2 class=\"elementor-heading-title elementor-size-default\">Franziskanische Mystik<\/h2>\t\t\t\t<\/div>\n\t\t\t\t<\/div>\n\t\t\t\t<div class=\"elementor-element elementor-element-23dc568 elementor-widget elementor-widget-text-editor\" data-id=\"23dc568\" data-element_type=\"widget\" data-e-type=\"widget\" data-widget_type=\"text-editor.default\">\n\t\t\t\t<div class=\"elementor-widget-container\">\n\t\t\t\t\t\t\t\t\t<p>Andr\u00e9 Cirino hat sich nun aus Altersgr\u00fcnden aus der Seminar- und Pilgerleiterarbeit zur\u00fcckgezogen. Einer der letzten Kurse &#8222;Journey into God&#8220; wurde 2024 im Franciscan Renewal Center, Scottsdale\/ Arizona, gefilmt und wird ab etwa Ostern 2026 auf deren Webseite zur freien Teilnahme zur Verf\u00fcgung stehen.<\/p><p>Au\u00dferdem habe ich die Struktur \u00fcbertragen auf ein Konzept aus der Hospizarbeit, den spirituellen Schmerz (s. Buchver\u00f6ffentlichungen).<\/p><p><br><\/p>\t\t\t\t\t\t\t\t<\/div>\n\t\t\t\t<\/div>\n\t\t\t\t\t<\/div>\n\t\t\t\t<\/div>\n\t\t\t\t<\/div>\n\t\t","protected":false},"excerpt":{"rendered":"<p>Auf Gott zugehen &#8211; die Weisheit des Hl. Bonaventura Im Jahr 1259 zog sich der Nachfolger des Heiligen Franziskus, Giovanni da Fidanza &#8211; mit Ordensnamen Bonaventura, an den Ort der Wundmale zur\u00fcck, auf den Berg LaVerna in der Toscana, um dem nachzusp\u00fcren, was den Ordensgr\u00fcnder zutiefst bewegt hatte.\u00a0 1257 zum Ordensgeneral gew\u00e4hlt, versuchte er in [&hellip;]<\/p>\n","protected":false},"author":1,"featured_media":0,"parent":0,"menu_order":0,"comment_status":"closed","ping_status":"closed","template":"","meta":{"site-sidebar-layout":"no-sidebar","site-content-layout":"page-builder","ast-site-content-layout":"full-width-container","site-content-style":"default","site-sidebar-style":"default","ast-global-header-display":"","ast-banner-title-visibility":"","ast-main-header-display":"","ast-hfb-above-header-display":"","ast-hfb-below-header-display":"","ast-hfb-mobile-header-display":"","site-post-title":"disabled","ast-breadcrumbs-content":"","ast-featured-img":"disabled","footer-sml-layout":"","ast-disable-related-posts":"","theme-transparent-header-meta":"","adv-header-id-meta":"","stick-header-meta":"","header-above-stick-meta":"","header-main-stick-meta":"","header-below-stick-meta":"","astra-migrate-meta-layouts":"set","ast-page-background-enabled":"default","ast-page-background-meta":{"desktop":{"background-color":"var(--ast-global-color-4)","background-image":"","background-repeat":"repeat","background-position":"center center","background-size":"auto","background-attachment":"scroll","background-type":"","background-media":"","overlay-type":"","overlay-color":"","overlay-opacity":"","overlay-gradient":""},"tablet":{"background-color":"","background-image":"","background-repeat":"repeat","background-position":"center center","background-size":"auto","background-attachment":"scroll","background-type":"","background-media":"","overlay-type":"","overlay-color":"","overlay-opacity":"","overlay-gradient":""},"mobile":{"background-color":"","background-image":"","background-repeat":"repeat","background-position":"center center","background-size":"auto","background-attachment":"scroll","background-type":"","background-media":"","overlay-type":"","overlay-color":"","overlay-opacity":"","overlay-gradient":""}},"ast-content-background-meta":{"desktop":{"background-color":"var(--ast-global-color-5)","background-image":"","background-repeat":"repeat","background-position":"center center","background-size":"auto","background-attachment":"scroll","background-type":"","background-media":"","overlay-type":"","overlay-color":"","overlay-opacity":"","overlay-gradient":""},"tablet":{"background-color":"var(--ast-global-color-5)","background-image":"","background-repeat":"repeat","background-position":"center center","background-size":"auto","background-attachment":"scroll","background-type":"","background-media":"","overlay-type":"","overlay-color":"","overlay-opacity":"","overlay-gradient":""},"mobile":{"background-color":"var(--ast-global-color-5)","background-image":"","background-repeat":"repeat","background-position":"center center","background-size":"auto","background-attachment":"scroll","background-type":"","background-media":"","overlay-type":"","overlay-color":"","overlay-opacity":"","overlay-gradient":""}},"footnotes":""},"class_list":["post-4048","page","type-page","status-publish","hentry"],"_links":{"self":[{"href":"https:\/\/assisijourney.org\/index.php?rest_route=\/wp\/v2\/pages\/4048","targetHints":{"allow":["GET"]}}],"collection":[{"href":"https:\/\/assisijourney.org\/index.php?rest_route=\/wp\/v2\/pages"}],"about":[{"href":"https:\/\/assisijourney.org\/index.php?rest_route=\/wp\/v2\/types\/page"}],"author":[{"embeddable":true,"href":"https:\/\/assisijourney.org\/index.php?rest_route=\/wp\/v2\/users\/1"}],"replies":[{"embeddable":true,"href":"https:\/\/assisijourney.org\/index.php?rest_route=%2Fwp%2Fv2%2Fcomments&post=4048"}],"version-history":[{"count":16,"href":"https:\/\/assisijourney.org\/index.php?rest_route=\/wp\/v2\/pages\/4048\/revisions"}],"predecessor-version":[{"id":4208,"href":"https:\/\/assisijourney.org\/index.php?rest_route=\/wp\/v2\/pages\/4048\/revisions\/4208"}],"wp:attachment":[{"href":"https:\/\/assisijourney.org\/index.php?rest_route=%2Fwp%2Fv2%2Fmedia&parent=4048"}],"curies":[{"name":"wp","href":"https:\/\/api.w.org\/{rel}","templated":true}]}}